{"id":22,"date":"2013-10-14T20:34:53","date_gmt":"2013-10-14T18:34:53","guid":{"rendered":"http:\/\/gruene-ratsfraktion-hildesheim.de\/?page_id=22"},"modified":"2015-09-30T12:47:34","modified_gmt":"2015-09-30T10:47:34","slug":"gremien","status":"publish","type":"page","link":"https:\/\/gruene-ratsfraktion-hildesheim.de\/?page_id=22","title":{"rendered":"Gremien &#8211; \u00dcbersicht"},"content":{"rendered":"<h4><a title=\"Aussch\u00fcsse\" href=\"https:\/\/gruene-ratsfraktion-hildesheim.de\/?page_id=33\"><span style=\"color: #000000;\"><span style=\"color: #000000;\"><strong><span style=\"color: #000000;\">Aussch\u00fcsse siehe genaue Auflistung:<\/span><\/strong><\/span><\/span><\/a><\/h4>\n<ul>\n<li><span style=\"color: #000000;\">Verwaltungsausschuss (VA)<\/span><\/li>\n<li><span style=\"color: #000000;\">Ausschuss f\u00fcr Feuerschutz und Recht und Innere Angelegenheiten (FRIA)<\/span><\/li>\n<li><span style=\"color: #000000;\">Ausschuss f\u00fcr Finanzen, Wirtschaftsf\u00f6rderung und Liegenschaften (FWL)<\/span><\/li>\n<li><span style=\"color: #000000;\">Ausschuss f\u00fcr Stadtentwicklung, Bauen, Umwelt und Verkehr (Steba)<\/span><\/li>\n<li><span style=\"color: #000000;\">Ausschuss f\u00fcr Jugend und Soziales<br \/>\n<\/span><\/li>\n<li><span style=\"color: #000000;\">Ausschuss f\u00fcr Kultur und Demographie<\/span><\/li>\n<li><span style=\"color: #000000;\">Grundst\u00fccksverkehrsausschuss<\/span><\/li>\n<li><span style=\"color: #000000;\">Umlegungsausschuss<\/span><\/li>\n<\/ul>\n<h4><span style=\"color: #ff00ff;\"><a href=\"http:\/\/www.sitzungsdienst-hildesheim.de\/bi\/au010.asp?SORTVON=201&amp;SORTBIS=300&amp;T1=Aufsichtsr%E4te\" target=\"_blank\"><span style=\"color: #ff00ff;\"><strong><span style=\"color: #000000;\">Aufsichtsr\u00e4te mit Gr\u00fcner Besetzung<\/span><\/strong><\/span><\/a><\/span><\/h4>\n<ul>\n<li><span style=\"color: #000000;\">Aufsichtsrat der Flugplatz Hildesheim GmbH<\/span><\/li>\n<li><span style=\"color: #000000;\">Aufsichtsrat der Gemeinn\u00fctzigen Baugesellschaft Hildesheim AG<\/span><\/li>\n<li><span style=\"color: #000000;\">Aufsichtsrat der Hildesheimer Marketinggesellschaft<\/span><\/li>\n<li><span style=\"color: #000000;\">Aufsichtsrat der Stadtwerke AG <\/span><\/li>\n<li><span style=\"color: #000000;\">Aufsichtsrat Roemer- und Pelizaeus-Museum Hildesheim GmbH <\/span><\/li>\n<li><span style=\"color: #000000;\">Aufsichtsrat Roemer- und Pelizaeus-Museum Hildesheim Service GmbH <\/span><\/li>\n<li><span style=\"color: #000000;\">Aufsichtsrat Theater f\u00fcr Niedersachsen <\/span><\/li>\n<li><span style=\"color: #000000;\">Verwaltungsrat der Sparkasse Hildesheim <\/span><\/li>\n<\/ul>\n<h4><span style=\"color: #800080;\"><a href=\"http:\/\/www.sitzungsdienst-hildesheim.de\/bi\/au010.asp?SORTVON=301&amp;SORTBIS=400&amp;T1=weitere%20Gremien\" target=\"_blank\"><span style=\"color: #800080;\"><strong><span style=\"color: #000000;\">Weitere Gremien mit Gr\u00fcner Besetzung<\/span><\/strong><\/span><\/a><\/span><\/h4>\n<ul>\n<li>Arbeitsausschuss Technologiezentrum Hildesheim<\/li>\n<li>Ausschuss des Zweckverbandes Abfallwirtschaft Hildesheim<\/li>\n<li>Beirat des Landschaftsverbandes Hildesheim e.V.<\/li>\n<li>Kuratorium der Friedrich-Weinhagen-Stiftung<\/li>\n<li>Kuratorium der Hildesheimer Sport-Stiftung<\/li>\n<li>Planungsverbund Giesen-Hildesheim<\/li>\n<li>Schaukommission Unterhaltungsverband Untere Innerste<\/li>\n<li>Verbandsausschuss Zweckverband F\u00f6rderzentrum Bockfeld<\/li>\n<\/ul>\n","protected":false},"excerpt":{"rendered":"<p>Aussch\u00fcsse siehe genaue Auflistung: Verwaltungsausschuss (VA) Ausschuss f\u00fcr Feuerschutz und Recht und Innere Angelegenheiten (FRIA) Ausschuss f\u00fcr Finanzen, Wirtschaftsf\u00f6rderung und Liegenschaften (FWL) Ausschuss f\u00fcr Stadtentwicklung, Bauen, Umwelt und Verkehr (Steba)&#8230; <\/p>\n","protected":false},"author":1,"featured_media":0,"parent":0,"menu_order":30,"comment_status":"closed","ping_status":"closed","template":"","meta":{"footnotes":""},"class_list":["post-22","page","type-page","status-publish","hentry"],"_links":{"self":[{"href":"https:\/\/gruene-ratsfraktion-hildesheim.de\/index.php?rest_route=\/wp\/v2\/pages\/22","targetHints":{"allow":["GET"]}}],"collection":[{"href":"https:\/\/gruene-ratsfraktion-hildesheim.de\/index.php?rest_route=\/wp\/v2\/pages"}],"about":[{"href":"https:\/\/gruene-ratsfraktion-hildesheim.de\/index.php?rest_route=\/wp\/v2\/types\/page"}],"author":[{"embeddable":true,"href":"https:\/\/gruene-ratsfraktion-hildesheim.de\/index.php?rest_route=\/wp\/v2\/users\/1"}],"replies":[{"embeddable":true,"href":"https:\/\/gruene-ratsfraktion-hildesheim.de\/index.php?rest_route=%2Fwp%2Fv2%2Fcomments&post=22"}],"version-history":[{"count":35,"href":"https:\/\/gruene-ratsfraktion-hildesheim.de\/index.php?rest_route=\/wp\/v2\/pages\/22\/revisions"}],"predecessor-version":[{"id":1220,"href":"https:\/\/gruene-ratsfraktion-hildesheim.de\/index.php?rest_route=\/wp\/v2\/pages\/22\/revisions\/1220"}],"wp:attachment":[{"href":"https:\/\/gruene-ratsfraktion-hildesheim.de\/index.php?rest_route=%2Fwp%2Fv2%2Fmedia&parent=22"}],"curies":[{"name":"wp","href":"https:\/\/api.w.org\/{rel}","templated":true}]}}