{"id":363,"date":"2013-10-24T16:49:07","date_gmt":"2013-10-24T14:49:07","guid":{"rendered":"http:\/\/gruene-ratsfraktion-hildesheim.de\/?page_id=363"},"modified":"2021-11-25T11:58:36","modified_gmt":"2021-11-25T09:58:36","slug":"wichtige-links","status":"publish","type":"page","link":"https:\/\/gruene-ratsfraktion-hildesheim.de\/?page_id=363","title":{"rendered":"Links"},"content":{"rendered":"<ul>\n<li>\n<h4><a href=\"https:\/\/gruene-ratsfraktion-hildesheim.de\/wp-content\/uploads\/2021\/11\/Gruppenvereinbarung-SPD-GRUeNE-PARTEI-091121.pdf\">Kooperationsvereinbarung SPD-GR\u00dcNE-DiePartei_091121<\/a><\/h4>\n<\/li>\n<li>\n<h4><a href=\"http:\/\/www.hildesheim.de\/staticsite\/staticsite.php?menuid=15&amp;topmenu=2\" target=\"_blank\" rel=\"noopener\">zum B\u00fcrger- und Ratsinformationssystem der Stadt Hildesheim<\/a><\/h4>\n<\/li>\n<li>\n<h4><a href=\"https:\/\/pvrat.de\/ratsinfo\/hildesheimlk\">zum Kreisinformationssystem Kreistag Hildesheim<\/a><\/h4>\n<\/li>\n<li>\n<h4><a href=\"http:\/\/www.gruene-hildesheim.de\" target=\"_blank\" rel=\"noopener\">Website B\u00fcndnis 90\/Die Gr\u00fcnen &#8211; Kreisverband Hildesheim<\/a><\/h4>\n<\/li>\n<li>\n<h4><a href=\"https:\/\/www.spd-hildesheim.de\/ratsfraktion\/\">SPD Ratsfraktion Hildesheim<\/a><\/h4>\n<\/li>\n<li>\n<h4><a href=\"https:\/\/die-partei.net\/hildesheim\/\">DiePartei Hildesheim<\/a><\/h4>\n<\/li>\n<\/ul>\n\n\n<p><\/p>\n\n\n\n<p><\/p>\n","protected":false},"excerpt":{"rendered":"<p>Kooperationsvereinbarung SPD-GR\u00dcNE-DiePartei_091121 zum B\u00fcrger- und Ratsinformationssystem der Stadt Hildesheim zum Kreisinformationssystem Kreistag Hildesheim Website B\u00fcndnis 90\/Die Gr\u00fcnen &#8211; Kreisverband Hildesheim SPD Ratsfraktion Hildesheim DiePartei Hildesheim<\/p>\n","protected":false},"author":1,"featured_media":0,"parent":0,"menu_order":0,"comment_status":"closed","ping_status":"closed","template":"","meta":{"footnotes":""},"class_list":["post-363","page","type-page","status-publish","hentry"],"_links":{"self":[{"href":"https:\/\/gruene-ratsfraktion-hildesheim.de\/index.php?rest_route=\/wp\/v2\/pages\/363","targetHints":{"allow":["GET"]}}],"collection":[{"href":"https:\/\/gruene-ratsfraktion-hildesheim.de\/index.php?rest_route=\/wp\/v2\/pages"}],"about":[{"href":"https:\/\/gruene-ratsfraktion-hildesheim.de\/index.php?rest_route=\/wp\/v2\/types\/page"}],"author":[{"embeddable":true,"href":"https:\/\/gruene-ratsfraktion-hildesheim.de\/index.php?rest_route=\/wp\/v2\/users\/1"}],"replies":[{"embeddable":true,"href":"https:\/\/gruene-ratsfraktion-hildesheim.de\/index.php?rest_route=%2Fwp%2Fv2%2Fcomments&post=363"}],"version-history":[{"count":48,"href":"https:\/\/gruene-ratsfraktion-hildesheim.de\/index.php?rest_route=\/wp\/v2\/pages\/363\/revisions"}],"predecessor-version":[{"id":12870,"href":"https:\/\/gruene-ratsfraktion-hildesheim.de\/index.php?rest_route=\/wp\/v2\/pages\/363\/revisions\/12870"}],"wp:attachment":[{"href":"https:\/\/gruene-ratsfraktion-hildesheim.de\/index.php?rest_route=%2Fwp%2Fv2%2Fmedia&parent=363"}],"curies":[{"name":"wp","href":"https:\/\/api.w.org\/{rel}","templated":true}]}}

<ul>
<li>
<h4><a href="https://gruene-ratsfraktion-hildesheim.de/wp-content/uploads/2021/11/Gruppenvereinbarung-SPD-GRUeNE-PARTEI-091121.pdf">Kooperationsvereinbarung SPD-GRÜNE-DiePartei_091121</a></h4>
</li>
<li>
<h4><a href="http://www.hildesheim.de/staticsite/staticsite.php?menuid=15&amp;topmenu=2" target="_blank" rel="noopener">zum Bürger- und Ratsinformationssystem der Stadt Hildesheim</a></h4>
</li>
<li>
<h4><a href="https://pvrat.de/ratsinfo/hildesheimlk">zum Kreisinformationssystem Kreistag Hildesheim</a></h4>
</li>
<li>
<h4><a href="http://www.gruene-hildesheim.de" target="_blank" rel="noopener">Website Bündnis 90/Die Grünen &#8211; Kreisverband Hildesheim</a></h4>
</li>
<li>
<h4><a href="https://www.spd-hildesheim.de/ratsfraktion/">SPD Ratsfraktion Hildesheim</a></h4>
</li>
<li>
<h4><a href="https://die-partei.net/hildesheim/">DiePartei Hildesheim</a></h4>
</li>
</ul>


<p></p>



<p></p>

<p>Kooperationsvereinbarung SPD-GRÜNE-DiePartei_091121 zum Bürger- und Ratsinformationssystem der Stadt Hildesheim zum Kreisinformationssystem Kreistag Hildesheim Website Bündnis 90/Die Grünen &#8211; Kreisverband Hildesheim SPD Ratsfraktion Hildesheim DiePartei Hildesheim</p>
